ive x(b).
-1
Let d(m) be the first derivative of 4 + 5/2*m**2 + 2/3*m**3 + 3/4*m**4 - 8*m. Let b(p) = p**3 - 1. Let i(w) = -4*b(w) + d(w). Calculate i(3).
2
Let s(l) = l**2 - 9*l - 3. Let w be s(9). Let t(a) = -a**2 + 4. Let h(m) = 0 + 1 + 7*m - 6*m. Let n(d) = w*h(d) + t(d). Give n(-5).
-9
Let a(z) = 3*z**2 + 5*z - z**2 - z**2. Let y(n) = 2*n**2 + 19*n - 3. Let d be y(-12). Let u = -63 + d. Determine a(u).
6
Let x(p) = 274 + 278 - 559 - p - p**3 - 5*p**2. Determine x(-5).
-2
Let n be (1/(-1) - -2)*1. Let q(w) be the second derivative of w**4/4 - w**3/3 + w**2/2 - 2*w + 2. Determine q(n).
2
Let h(q) = 2*q - 5. Let d be h(5). Suppose 4*y - 2 = 6. Let f(w) = w**3 + 5*w**2 - 4*w + 5. Let s(z) = z**3 - z - 1. Let t(r) = y*s(r) - f(r). Determine t(d).
3
Let t(z) = -z**3 + 7*z**2 - 6*z - 1. Suppose -3*f = -2*q + 2*f - 9, -f = -3*q - 7. Let r(j) = -10*j. Let d be r(q). Let c = 26 - d. Determine t(c).
-1
Let k = -56 + 59. Suppose -k*d - 22 = 2*f, -2*f = 2*d + 3 + 13. Let c(l) = l**2 + 9*l + 7. Calculate c(d).
-11
Let o(l) = -2*l**2 - 6*l + 17. Suppose 0 = -3*k - 3*s - 27, 109*k - s - 14 = 111*k. Determine o(k).
-3
Let y(c) be the second derivative of -c**3/2 + 7*c**2 - 7*c + 1. What is y(7)?
-7
Let g(u) = -u**3 - u**2 - 5*u + 4*u + u - u. Let m be (-20)/8*(-4)/1. Let o(c) = c**2 - 9*c - 11. Let k be o(m). Give g(k).
1
Suppose -5*i + 12 = -8. Let f(a) = i - 88*a**2 + 0*a + a + 89*a**2. Calculate f(0).
4
Let p be 1 + (-9)/(54/42). Let h(x) = 6*x + 26. What is h(p)?
-10
Let t(i) = i**3 - i**2 - 4*i + 9. Let s(q) = -q**3 + q**2 + 5*q - 10. Let c(r) = -3*s(r) - 4*t(r). What is c(0)?
-6
Let s(v) = 4*v - 2. Suppose 42 + 2 = 3*l + 5*q, 2*l - q = 38. Suppose -3*n - 3*a = -l, n + 5*a + 0 - 10 = 0. Suppose 3*p = -n*p + 24. Calculate s(p).
10
Let d(v) = 2*v**2 + v. Let h be -5 + 3 - 3*-7. Let b = h - 17. Suppose b*j = -j + i, -2*j = 5*i - 17. Give d(j).
3
Let f(u) = 7 + 14*u - 7*u + 4 + 3 - 6*u. Give f(-7).
7
Let d be (4/6)/((-2)/(-3)). Let f(b) = 2 - d + 3*b**2 - 2*b**2 - 2*b**2. Suppose -3*i + 8*i - 5 = 0. Calculate f(i).
0
Let c(y) = -3 + 8 + 2*y + 2. Suppose -15*f + 28*f - 65 = 0. What is c(f)?
17
Let m(u) = u**3 + 15*u**2 + 17*u + 36. Let c be m(-14). Let l(s) = s**3 + 8*s**2 + 12*s - 6. What is l(c)?
-6
Let y(l) = 4*l**2 - 14*l - 4. Let c be y(4). Suppose -3*o - 9 = 0, 15 + 10 = -c*p - 3*o. Let a(m) = 2*m**2 + 7*m + 6. Calculate a(p).
10
Let c = 73/2 - 36. Let l(h) be the first derivative of 0*h**3 + c*h**4 + 0*h**2 - h + 3. Determine l(-1).
-3
Let k(t) = t**2 - 6*t - 7. Suppose 0 = 4*a - 2 - 6. Suppose 0 = 2*q - 4*n + a + 40, 0 = -q - 5*n - 7. Let y = q + 23. Determine k(y).
-7
Let g(n) = 14*n - 12*n + 1 + 4*n. Let i(z) = z**2 - 6*z + 4. Suppose -5*w = -31 + 6. Let v be i(w). Calculate g(v).
-5
Let r(z) = 2*z + 7. Let d(k) = -k**3 - 5*k**2 + 16*k + 9. Suppose 69 = 2*h + 83. Let j be d(h). Give r(j).
-3
Let b(f) = f**2 - 4*f - 5. Let c(t) = -10*t - 21. Let j be c(0). Let r(d) = d + 9. Let n be r(-6). Let s be (56/j)/((-2)/n). Determine b(s).
-5
Let c be (-1)/3*0/(-1). Let x be 90/(-27)*6/(-5). Let l(b) = -b + 5 + c + x. Calculate l(7).
2
Let z(s) be the second derivative of -s**4/12 + 2*s**3/3 - 2*s**2 + 2*s. Suppose y - 4 = -4*c + 13, 0 = c - 2*y + 7. What is z(c)?
-1
Let i be (-6 - (-129)/12) + (-2)/(-8). Let v(p) = 5*p - 8. Calculate v(i).
17
Let i(r) = -1 + r**3 - r - r + 6*r + 5*r**2. Let s(u) = u**2 - 2*u - 4. Let h be s(0). Determine i(h).
-1
Let r = 141 - 153. Let x(t) = -t - 6. What is x(r)?
6
Let k(n) = 3 - 43*n - 37*n + 81*n. Give k(-7).
-4
Let t(k) be the third derivative of -k**5/60 - k**4/8 + k**3/2 + 2*k**2. Suppose -21*d + 17 = g - 24*d, 0 = 2*g + 5*d + 21. Calculate t(g).
-7
Suppose -3*w + 105 = 3*p, 0 = -w + 2*p - p + 33. Suppose w = 9*y + 8*y. Let a(o) = o**3 + 2*o**2 - 3*o. Calculate a(y).
10
Let f = 13 + -6. Let l(v) = -v - 202. Let w(d) = -3*d - 571. Let s(p) = 17*l(p) - 6*w(p). Determine s(f).
-1
Let h(l) = -l**2 + 2*l. Let w(x) = x. Let g be w(1). Let f be (-3 + 3 + g)*11. Suppose 5*m + f = 1. Determine h(m).
-8
Let w(v) = -v + 2. Suppose -2*y - 7 = -u, -4*u - 3*y - 36 + 9 = 0. Give w(u).
5
Let q(s) = 2*s**2 + 10*s + 8. Let n(k) = k + 2. Let z be n(-1). Let d(h) = -5*h + 7*h - z + h**2 - h. Let l(w) = -d(w) + q(w). Calculate l(-6).
-9
Let h(w) = -w**2 - 4*w - 7. Suppose -5*r - 3*y = 25, 3*r - 23 + 34 = -y. What is h(r)?
-3
Let m(k) = 0 - k**2 - 4 + 2 - 3*k. Let s be m(-2). Let u(f) = -3*f**2 - 5*f + s + 6 + 2*f**2 - 2. What is u(-4)?
8
Let m(w) = -w**2 - 26 + 2*w - w**3 + 24 - 2*w. Give m(0).
-2
Let r be 4 + 3 + 1 + 1. Let n(h) = -10*h**2 + r*h**2 - 10 + 4. What is n(0)?
-6
Let q(t) = t**3 - 4*t**2 - 2*t - 7. Let p be (-15)/2*10/(-15). Let x be q(p). Let w(i) = x*i - 4*i - 2 - 2*i**2 + 2. Calculate w(3).
-6
Let m(u) = -2*u**2 + 2*u + 4. Let j(v) = v**3 + 5*v**2 + 5*v + 9. Let h be j(-4). Suppose i - 18 = -h*i. What is m(i)?
-8
Let m(c) = 21*c + 6 + 12*c + 3*c - 35*c. Calculate m(-9).
-3
Let w(d) = d**3 + d. Let x(r) = -2*r**2 + 22*r - 18. Let u be x(10). Determine w(u).
10
Let g(z) = 5*z**3 + 5. Let q(l) = -2. Let d(h) = 1. Let i(o) = d(o) + q(o). Let x(b) = -2*g(b) - 10*i(b). Let s be 2/(-2)*7*10/70. Give x(s).
10
Let g(d) = d**3 + 11*d**2 + 13*d + 29. Let b be g(-10). Let k(f) = 18*f**3 - f**2. Determine k(b).
-19
Let y = 11 + -25. Let d = y - -17. Let c(z) = 7*z + 3*z - d*z + z**2 - 2*z**2 - 1. Calculate c(6).
5
Suppose -3*q + 3*j + 11 + 7 = 0, -16 = -3*q + j. Let y(m) = -m. Let s(u) = -5*u + 1. Let h(t) = -s(t) + 6*y(t). Calculate h(q).
-6
Let c(i) = -i**3 - 8*i**2 + 9*i + 5. Suppose 2 = 2*a - 5*j, -5*j = 2*a + 42 - 4. Determine c(a).
5
Let b(y) = y**2 + 5*y - 5. Suppose u - 21 = 3*v, -2*v - 14 = 4*u + u. Determine b(v).
9
Let b(h) = -h**2 + 12*h + 2. Suppose -129*n + 356 + 289 = 0. What is b(n)?
37
Let r(l) be the third derivative of -l**5/60 + l**4/24 - 7*l**3/6 - 59*l**2. Give r(0).
-7
Let r(a) be the first derivative of -a**3/3 - 2*a**2 - 2*a + 207. Let d = 3 + -5. Give r(d).
2
Let w be (-2)/(-4) - (-10)/4. Suppose w*v = -5 - 13. Let s(h) = 5*h**2 - 13*h + 10. Let o(m) = 14*m**2 - 38*m + 28. Let b(l) = 6*o(l) - 17*s(l). Determine b(v).
4
Let f(z) = 2*z**3 + 4*z**2 + 1. Let l(h) = -h**2 - 1. Let o(c) = -f(c) - 2*l(c). Suppose 0 = g - 4 - 17. Let k be (-8)/(-20) + g/(-15). Give o(k).
1
Let q = 6923 + -6925. Let k(j) = -3*j + 1. Let g(o) = 4*o - 1. Let b(d) = 2*g(d) + 3*k(d). Determine b(q).
3
Let a = -483 + 483. Let z(b) = -b**2 - 6. Determine z(a).
-6
Let l = -5 - -7. Let f(i) = l + 2 + 4*i - 5. Determine f(1).
3
Let m(x) = -x**3 + 3*x**2 - 2*x + 3. Let d be m(3). Let s be d*(16/6 - 3). Let z = s + 7. Let h(y) = y**3 - 7*y**2 - 9*y + 7. Determine h(z).
-1
Let r(o) = 5*o**3 - o**2 - 4*o - 1. Let y(l) = -7*l**3 + 3*l**2 + 5*l + 2. Let s(j) = -3*r(j) - 2*y(j). What is s(-4)?
7
Let z(u) be the second derivative of -u**4/12 + u**3/6 + 3*u**2/2 - 8*u. Let r(a) = -a**2 - 3*a - 2. Suppose -11 = 5*p - 1. Let w be r(p). Give z(w).
3
Let a = 113 + -118. Let k(z) = -z**2 - 3*z. Let p(l) = 3*l**2 + 5*l. Let i(s) = a*k(s) - 2*p(s). Determine i(6).
-6
Let c(x) = x + 5. Let h(w) = -8*w**2 - 3*w - 1. Let t be h(-1). Determine c(t).
-1
Suppose -5*m = 0, -4*m + 0*m = -5*g + 10. Let j(o) = 15*o - 22. Let w be j(g). Let n(h) = -h + 8. What is n(w)?
0
Let j(u) = -3*u**2 - 17*u + 22. Let x(v) = v**2 + 8*v - 11. Let f(n) = -2*j(n) - 5*x(n). Determine f(5).
6
Suppose 0*q = -4*q + 24. Let i be 40/12*q/4. Let r(x) = 2*x**3 - 5*x + 7*x**2 + 0*x**2 - 3*x**3 - x**2. Calculate r(i).
0
Let i(o) = 2*o**2 + 40*o - 38. Let a be i(-21). Let y(l) = -l**2 + 6*l - 3. Determine y(a).
5
Let j(k) = -2*k - 1. Let l(f) = -11*f + 2. Let i(b) = 6*j(b) - l(b). Determine i(9).
-17
Let z(p) = -3 + 4 - p - 2. Let f = 57 - 69. Let r = -10 - f. What is z(r)?
-3
Let x(m) = -9*m + 67. Let h be ((-8)/(-5))/((-23)/(-115)). Let i be x(h). Let p(c) = c + 12. Give p(i).
7
Suppose -z - 5*l + 6 = 0, -8*z + 5*l - 60 = -3*z. Let j(u) = u**2 + 9*u + 3. Calculate j(z).
3
Let p be ((-24)/(-60))/(2/10). Suppose 4*q = -3*c - p*c + 53, -3*c + 29 = 2*q. Let s(a) = -q + 6 - 3*a + 0 + 2. Calculate s(2).
-5
Let x(q) = q**3 - 1. Let o(k) = -4*k**3 + 3*k**2 - 2*k + 5. Let a(u) = o(u) + 3*x(u). Let v(t) = t**2 + 8*t + 3. Suppose -1 = z + 7. Let w be v(z). Give a(w).
-4
Let y(j) = -j + 24. Let o =